What is the remainder when z/(-10) + 2680/50 is divided by 28?
25
Suppose -5*w = -7*p + 10*p - 324, -2*p + 3*w = -197. Calculate the remainder when 158 is divided by p.
55
Let g = 39 + -34. Suppose g*s = 48 + 92. Suppose 3*c + s = 5*c. Calculate the remainder when 27 is divided by c.
13
Let c = -1128 + 1143. What is the remainder when 12012 is divided by c?
12
Let k be (24 + -6)/(3/2). Calculate the remainder when (k/(-9))/(-2)*(51 + -6) is divided by 24.
6
Let u = 31 + -29. Let v(s) = 3 + 6 - 10*s - u - 2 - s**3 - 11*s**2. What is the remainder when v(-10) is divided by 3?
2
Suppose 0 = 3*m + 2*m + 162 - 522. Let h(d) = -2*d**2 + 10*d - 4. Let c(b) = -1. Let j(a) = -3*c(a) - h(a). Calculate the remainder when m is divided by j(6).
15
Calculate the remainder when (-8)/2 - -376 - (12 + -12) is divided by 15.
12
Let f = 136 - 135. Suppose -m - 17 = s - 6*s, -m + f = s. What is the remainder when 9 is divided by s?
0
Let b = 21 + -16. Suppose -n - 2*n = 5*o - 23, -21 = -4*o - 5*n. Suppose -120 = -b*z + x + o*x, 0 = -2*z - x + 60. What is the remainder when z is divided by 6?
4
Let x(s) = -166*s - 3. Let w be x(3). Let u = -275 - w. What is the remainder when u is divided by 46?
42
Let u = 6681 + -3803. What is the remainder when u is divided by 93?
88
Let g(p) = -p**3 - 5*p**2 - 8*p - 8. Let f be g(-4). Let r be (0 - 12/f)*8/(-12). Calculate the remainder when 36 is divided by (24/3)/1*r.
4
Suppose -41 = f - 131. What is the remainder when 1978 is divided by f?
88
Let i = 17 - 29. What is the remainder when (-45)/i - 1/(-4) is divided by 84/(-98)*7 - (-9 - -1)?
0
Suppose -14*o = -13*o + 1. Let b(r) = 10*r + 10. Let f(s) = 30*s + 29. Let t(m) = 17*b(m) - 6*f(m). Calculate the remainder when 33 is divided by t(o).
3
Let k(f) = -f**2 - 21*f - 42. Let z be k(-14). Let p = -25 - -63. Suppose -m - p = -z. Calculate the remainder when m is divided by 8.
2
Let x = -76 + 144. Let o be 11/55 + x/10. What is the remainder when 13 is divided by 23/3 - 2/21*o?
6
Suppose -17*q + 15*q = 26. Calculate the remainder when 80 is divided by q/(-52) - 174/(-8).
14
Let p = 31 - 1. Let l(s) = -p*s - 13*s + 29*s. Calculate the remainder when l(-6) is divided by 22.
18
Let d(o) = -2*o**3 - 15*o**2 + 6*o + 5. Let n be d(-11). Suppose -5*t - t = -n. What is the remainder when 2/7 + t/7 is divided by 11?
8
Let g = 10953 + -10845. Calculate the remainder when 363 is divided by g.
39
Suppose -15*b = -8*b - 63. Suppose -8*i = b - 289. Suppose 4*g - 378 + 102 = 0. What is the remainder when g is divided by i?
34
Let c(h) = 120*h + 453. Let x(z) = 60*z + 229. Let d(g) = -4*c(g) + 7*x(g). Calculate the remainder when d(-4) is divided by 21.
10
What is the remainder when 777 is divided by (-9)/(-2)*(16640/(-360))/(-4)?
49
Calculate the remainder when 4262 is divided by (-38)/(-3) - 1 - ((-49)/21 - -3).
5
Let w(z) = -z**3 - 6*z**2 + 35*z - 38. Let n be w(-10). Calculate the remainder when 51 is divided by 560/91 + n/(-78).
3
Let p be (-215)/2*((-34)/5 + 6). Let j = 101 - p. Calculate the remainder when 177 is divided by j.
12
Let x(s) be the second derivative of s**4/12 - 2*s**3/3 - 13*s**2 + 17*s. Let h be x(8). What is the remainder when 25 is divided by h/(-2) - -6 - (3 - 13)?
12
Let o = 19689 + -17894. Calculate the remainder when 1809 is divided by o.
14
Let y(u) = -7*u - 73. Let i = 33 - 48. What is the remainder when 284 is divided by y(i)?
28
Suppose -49*q - 3*p + 28 = -47*q, 5*p = q - 14. What is the remainder when 9769 is divided by q?
11
Let w(r) = -r**2 + 13*r + 19. Let v = 116 + -104. Calculate the remainder when 216 is divided by w(v).
30
Let w(v) = -v**3 + 88*v**2 - 170*v - 149. Calculate the remainder when 663 is divided by w(86).
19
Let i = -12809 + 12892. Calculate the remainder when 19586 is divided by i.
81
Suppose 8*t - 3*t = 205. Let l(r) = -350*r + 7199. Calculate the remainder when l(20) is divided by t.
35
Let a = 111 + 40. Let m = a + -117. Calculate the remainder when 236 is divided by m.
32
Let q = -58 + 83. Suppose 0 = 2*l + 3*l + q, l - 11 = -2*t. Suppose 3*f + 13 - 3 = 2*w, 3*w = -3*f. Calculate the remainder when t is divided by w.
0
Suppose 22*p = 24*p. Suppose -2*y + 2 = h, p = 5*y - 7 - 8. Let d(w) = 5*w**2 - 2*w - 12. Calculate the remainder when d(h) is divided by 11.
10
Let c = -30 - -32. Let s(w) = -7*w**2 - 9*w + 2*w**3 - 3*w**3 - 2*w**3 + 2 + c*w**3. Calculate the remainder when s(-7) is divided by 11.
10
Let b(u) = -u**3 - 17*u**2 - 75*u + 20. Calculate the remainder when 1699 is divided by b(-6).
71
What is the remainder when 580 - 583 - (144/(-10))/((-2)/(-10)) is divided by 35?
34
Let s(y) be the first derivative of y**4/4 + 5*y**3/3 - 27*y**2/2 + 16*y - 157. Calculate the remainder when s(-6) is divided by 9.
7
Suppose -22 = 4*f - 26, d - f - 126 = 0. Calculate the remainder when 315 is divided by d.
61
Suppose -3*d - 2*f + 48 = 0, 2*f + 16 = d - 8. Calculate the remainder when (6/16)/((-69)/(-4048)) is divided by d.
4
Let w(b) = b**2 + 11*b + 29. Let y be w(-36). Let i = 1096 - y. Suppose -4*z + 0*z - 124 = -5*m, -5*m + 148 = 2*z. What is the remainder when i is divided by m?
27
Let g(c) = -c**2 + 4*c + 5. Let m be g(5). Suppose m = 10*u - 239 - 381. What is the remainder when u is divided by 13/1*(-8 + 9)?
10
Suppose -97 = -2*w + 2*l + 373, -2*l - 934 = -4*w. Calculate the remainder when w is divided by 124.
108
Suppose 6*v = 10*v - 239 - 1853. Calculate the remainder when v is divided by 12.
7
Suppose 24*q + 625 = 29*q. Let u = q - 100. What is the remainder when 249 is divided by u?
24
What is the remainder when 138 is divided by (((-1)/4)/(216/(-1152)))/((-2)/(-72))?
42
Let b be (-1)/(5*(-7)/140). Calculate the remainder when 41 is divided by (-1 - 8/(-6))/(b/180).
11
Let i(j) = -j**3 - 5*j**2 + 7*j + 2. Let a be i(-6). Let q(p) = 2*p**2 - 6*p - 104. Let x be q(-6). Calculate the remainder when x/(a/3)*-7 is divided by 6.
3
Let n = -11904 + 11999. What is the remainder when 408 is divided by n?
28
Let b = -163 - -265. Let x = 90824 + -90809. Calculate the remainder when b is divided by x.
12
Let t(c) = c**2 + 18*c - 14. Let i be t(-19). Suppose -45*k + 950 = i*k. Let j(a) = -16*a + 1. What is the remainder when j(-2) is divided by k?
14
Let z(y) = -2*y**2 + 251*y - 3402. Calculate the remainder when 2719 is divided by z(110).
7
Let d = -7194 - -7260. What is the remainder when 511 is divided by d?
49
Suppose 4*d = 5*w + 461, -38*w + 40*w = d - 110. What is the remainder when 418 is divided by d?
46
Let l = -98 - -103. What is the remainder when 49 is divided by 10 - -6*l/10*1?
10
Suppose -26 = 28*q - 127 - 11. Calculate the remainder when 842 is divided by q.
2
Suppose -5*u - 151 = 61788*j - 61792*j, 2*j + 2*u - 8 = 0. Let t(i) = 31*i - 1. What is the remainder when t(3) is divided by j?
16
Let i(u) = u**3 + 11*u**2 + 2*u + 13. Let b be i(-11). Let g = b - -18. Suppose 0 = -16*y + g*y + 84. What is the remainder when 47 is divided by y?
11
Let i(h) = 8*h**2 + 3*h - 1. What is the remainder when i(-3) is divided by (-1)/(1*(-8 - 1)/72)?
6
Let s be (-12)/(-138) - 8343/(-69). Suppose 3*p - s = j - 6, -4*p - j = -158. Calculate the remainder when p is divided by 14.
11
Suppose -104*o - 964 = -4*a - 100*o, 5*a - o = 1189. Calculate the remainder when a is divided by 29.
5
Let s be 17/85 - 5578/(-10). Let g = s + -495. Calculate the remainder when 193 is divided by g.
4
What is the remainder when 7260 is divided by (14/6)/(308/(-693)*(-1)/4)?
15
Suppose 0 = -5*o, 4*c - 2*o = 2*o + 236. Let t = c + 60. What is the remainder when t is divided by 62?
57
Suppose 10*i - 1540 = 1320. Calculate the remainder when i is divided by 27.
16
Suppose -12*w + 23*w - 10988 = -153*w. What is the remainder when 411 is divided by w?
9
Let s = 3878 - 3775. What is the remainder when 230 is divided by s?
24
Suppose -4*z + 4*p + 3020 = 0, 0 = -6*p - 20 - 28. Calculate the remainder when z is divided by 6.
3
Let j = 571 + -483. What is the remainder when j is divided by 9?
7
Suppose 840*i + 97123 = 871*i. What is the remainder when i is divided by 22?
9
Let i be 6*1 + 2/(-1) + 0. Suppose 22 = 2*r + 4*w, -57 = -i*r + 3*w + 2*w. Suppose 0*d - 2*d + 102 = 0. Calculate the remainder when d is divided by r.
12
Suppose 0 = 5*w - 10, 4*b + b - 5*w = -985. Let y 